2, 3, 391249
What are the prime factors of 169320?
2, 3, 5, 17, 83
List the prime factors of 812070.
2, 3, 5, 7, 1289
What are the prime factors of 1765192?
2, 11, 13, 1543
List the prime factors of 10801.
7, 1543
What are the prime factors of 1363224?
2, 3, 79, 719
List the prime factors of 4857558.
2, 3, 29, 27917
List the prime factors of 4955612.
2, 1238903
What are the prime factors of 554562?
2, 3, 30809
List the prime factors of 5372553.
3, 79, 22669
What are the prime factors of 31650113?
11, 2877283
What are the prime factors of 213720?
2, 3, 5, 13, 137
List the prime factors of 8948853.
3, 431, 769
List the prime factors of 731315.
5, 13, 11251
List the prime factors of 11045680.
2, 5, 138071
List the prime factors of 106322.
2, 53161
List the prime factors of 3507523.
23, 152501
List the prime factors of 14755100.
2, 5, 147551
What are the prime factors of 1770048?
2, 3, 7, 439
List the prime factors of 1275518.
2, 109, 5851
List the prime factors of 23079611.
101, 228511
What are the prime factors of 623487?
3, 37, 41, 137
What are the prime factors of 4028385?
3, 5, 101, 2659
What are the prime factors of 11713986?
2, 3, 17, 38281
What are the prime factors of 2398271?
29, 82699
List the prime factors of 966755.
5, 239, 809
What are the prime factors of 29105263?
11, 2645933
List the prime factors of 92878.
2, 46439
List the prime factors of 696433.
696433
List the prime factors of 13581.
3, 503
List the prime factors of 23284841.
977, 23833
What are the prime factors of 76000?
2, 5, 19
What are the prime factors of 344949?
3, 11, 10453
What are the prime factors of 2196421?
911, 2411
What are the prime factors of 1634032?
2, 73, 1399
What are the prime factors of 6060327?
3, 7, 13, 79, 281
List the prime factors of 1146464.
2, 11, 3257
What are the prime factors of 121078?
2, 60539
List the prime factors of 259571.
13, 41, 487
List the prime factors of 1118469.
3, 11, 33893
What are the prime factors of 622104?
2, 3, 7, 23
What are the prime factors of 10213368?
2, 3, 11, 3517
List the prime factors of 961701.
3, 13, 24659
List the prime factors of 4188578.
2, 631, 3319
List the prime factors of 901697.
17, 29, 31, 59
What are the prime factors of 10184973?
3, 293, 11587
List the prime factors of 10542091.
7, 17, 88589
What are the prime factors of 16111700?
2, 5, 11, 97, 151
List the prime factors of 2274234.
2, 3, 379039
List the prime factors of 609355.
5, 47, 2593
List the prime factors of 129803.
129803
What are the prime factors of 4607437?
31, 148627
List the prime factors of 26877593.
23, 419, 2789
What are the prime factors of 9857720?
2, 5, 59, 4177
List the prime factors of 1297183.
37, 35059
List the prime factors of 5783363.
5783363
List the prime factors of 483194.
2, 241597
List the prime factors of 1756651.
13, 163, 829
List the prime factors of 37801180.
2, 5, 41, 46099
What are the prime factors of 7229245?
5, 23, 37, 1699
What are the prime factors of 9366744?
2, 3, 390281
List the prime factors of 23343486.
2, 3, 3890581
List the prime factors of 8261357.
13, 59, 10771
List the prime factors of 254783.
254783
List the prime factors of 1520334.
2, 3, 84463
What are the prime factors of 2955738?
2, 3, 29, 16987
What are the prime factors of 152598?
2, 3, 29, 877
What are the prime factors of 241837?
257, 941
List the prime factors of 352623.
3, 117541
List the prime factors of 252201.
3, 84067
What are the prime factors of 11818?
2, 19, 311
What are the prime factors of 3301521?
3, 113, 9739
List the prime factors of 1714368.
2, 3, 8929
List the prime factors of 10916767.
10916767
What are the prime factors of 777104?
2, 17, 2857
What are the prime factors of 1391787?
3, 154643
What are the prime factors of 208779?
3, 69593
List the prime factors of 20596196.
2, 5149049
List the prime factors of 648948.
2, 3, 41, 1319
List the prime factors of 10070656.
2, 29, 2713
What are the prime factors of 2281600?
2, 5, 23, 31
List the prime factors of 528222.
2, 3, 88037
What are the prime factors of 299324?
2, 74831
What are the prime factors of 172215?
3, 5, 43, 89
List the prime factors of 4025659.
11, 365969
What are the prime factors of 179048?
2, 22381
List the prime factors of 10038765.
3, 5, 11, 5531
List the prime factors of 27201699.
3, 7, 113, 3821
What are the prime factors of 80365?
5, 16073
What are the prime factors of 391948?
2, 97987
What are the prime factors of 453850?
2, 5, 29, 313
What are the prime factors of 753279?
3, 193, 1301
What are the prime factors of 19670572?
2, 353, 13931
List the prime factors of 15301946.
2, 11, 23, 30241
List the prime factors of 1308116.
2, 17, 19237
What are the prime factors of 3117636?
2, 3, 28867
List the prime factors of 1460407.
13, 112339
List the prime factors of 3068671.
19, 373, 433
What are the prime factors of 100782?
2, 3, 11, 509
List the prime factors of 1603481.
11, 145771
List the prime factors of 2772174.
2, 3, 41, 59, 191
What are the prime factors of 71803?
59, 1217
List the prime factors of 74139.
3, 13, 1901
List the prime factors of 11148329.
149, 74821
What are the prime factors of 412214?
2, 11, 41, 457
What are the prime factors of 427301?
7, 61043
List the prime factors of 5993272.
2, 181, 4139
List the prime factors of 448946.
2, 224473
List the prime factors of 379895.
5, 75979
List the prime factors of 11675302.
2, 5837651
What are the prime factors of 1937180?
2, 5, 7, 101, 137
List the prime factors of 943109.
17, 29, 1913
What are the prime factors of 1784186?
2, 892093
List the prime factors of 5429718.
2, 3, 7, 43093
What are the prime factors of 5404670?
2, 5, 43, 12569
List the prime factors of 79153.
79153
What are the prime factors of 1929912?
2, 3, 97, 829
What are the prime factors of 460130?
2, 5, 11, 47, 89
What are the prime factors of 53149?
53149
List the prime factors of 115759.
7, 23, 719
What are the prime factors of 7922749?
131, 197, 307
List the prime factors of 4739785.
5, 113, 8389
What are the prime factors of 7516083?
3, 2505361
List the prime factors of 344670.
2, 3, 5, 11489
List the prime factors of 32049672.
2, 3, 23, 58061
What are the prime factors of 774009?
3, 109, 263
List the prime factors of 18912411.
3, 7, 89, 3373
What are the prime factors of 2723598?
2, 3, 31, 1627
List the prime factors of 18257430.
2, 3, 5, 608581
What are the prime factors of 7129358?
2, 17, 209687
What are the prime factors of 2019969?
3, 7, 32063
What are the prime factors of 16844957?
16844957
What are the prime factors of 527766?
2, 3, 87961
List the prime factors of 838196.
2, 209549
What are the prime factors of 6411374?
2, 3205687
List the prime factors of 350817.
3, 337, 347
What are the prime factors of 4741582?
2, 773, 3067
List the prime factors of 724591.
7, 17, 6089
List the prime factors of 237466.
2, 37, 3209
What are the prime factors of 1378739?
409, 3371
What are the prime factors of 22401?
3, 19, 131
What are the prime factors of 14096849?
13, 1084373
What are the prime factors of 193680?
2, 3, 5, 269
List the prime factors of 56478.
2, 3, 9413
What are the prime factors of 689668?
2, 7, 24631
What are the prime factors of 2232851?
73, 419
What are the prime factors of 53467?
127, 421
List the prime factors of 947618.
2, 7, 113, 599
List the prime factors of 760742.
2, 47, 8093
What are the prime factors of 3495376?
2, 218461
What are the prime factors of 188774?
2, 37, 2551
List the prime factors of 1978065.
3, 5, 113, 389
List the prime factors of 681062.
2, 503, 677
List the prime factors of 102915.
3, 5, 2287
What are the prime factors of 3823824?
2, 3, 29, 41, 67
List the prime factors of 823270.
2, 5, 7, 19, 619
List the prime factors of 36768.
2, 3, 383
What are the prime factors of 11276?
2, 2819
What are the prime factors of 200395?
5, 13, 3083
What are the prime factors of 26935912?
2, 3366989
List the prime factors of 20776552.
2, 661, 3929
What are the prime factors of 4385420?
2, 5, 13, 101, 167
What are the prime factors of 29267152?
2, 1829197
List the prime factors of 20423350.
2, 5, 97, 4211
List the prime factors of 134273.
19, 37, 191
List the prime factors of 54480.
2, 3, 5, 227
List the prime factors of 1166325.
3, 5, 15551
List the prime factors of 210684.
2, 3, 97, 181
List the prime